1100 (base 2) to base 9.
107785
What is 517 (base 8) in base 14?
19d
Convert -406 (base 10) to base 6.
-1514
What is a8 (base 13) in base 14?
9c
Convert 34c1 (base 13) to base 10.
7424
What is 45354 (base 6) in base 4?
1210012
Convert 58a (base 16) to base 9.
1845
28520 (base 10) to base 7
146102
Convert -31152 (base 6) to base 16.
-104c
What is -1000110 (base 2) in base 13?
-55
What is 1320 (base 7) in base 6?
2200
What is -908 (base 14) in base 15?
-7d2
What is -1434241 (base 5) in base 7?
-155062
-30231 (base 7) to base 8
-16233
329f (base 16) to base 15
3c8e
2b (base 14) to base 8
47
What is -2a32 (base 12) in base 5?
-124214
What is -41445 (base 6) in base 5?
-134243
-31a (base 12) to base 6
-2034
What is -356 (base 8) in base 5?
-1423
32c2 (base 15) to base 4
2220011
-4066 (base 8) to base 6
-13422
What is 200242 (base 5) in base 7?
24301
403 (base 7) to base 4
3013
What is -1e5 (base 15) in base 5?
-3230
What is -250 (base 13) in base 14?
-20b
Convert -4050 (base 7) to base 10.
-1407
Convert 1117 (base 13) to base 16.
952
1920 (base 10) to base 16
780
Convert -210 (base 16) to base 8.
-1020
What is 5111 (base 7) in base 8?
3354
Convert -1a57 (base 14) to base 10.
-4781
624 (base 13) to base 9
1380
127 (base 13) to base 9
244
Convert 40343 (base 5) to base 16.
a26
Convert 112420 (base 5) to base 12.
2466
What is 224 (base 8) in base 6?
404
What is 4432 (base 6) in base 9?
1362
Convert -11022020 (base 3) to base 14.
-1202
Convert 10864 (base 11) to base 8.
36477
-32ba (base 14) to base 10
-8788
Convert -1350 (base 7) to base 5.
-4100
Convert -5a06 (base 15) to base 12.
-b0a3
2031 (base 4) to base 13
ab
Convert 304 (base 11) to base 2.
101101111
-1201210200 (base 3) to base 4
-20111013
-11022022 (base 3) to base 9
-4268
Convert -824 (base 12) to base 6.
-5244
What is d9d (base 15) in base 12?
1941
What is 20110 (base 3) in base 11?
149
What is -fc0e (base 16) in base 14?
-19730
2b41 (base 12) to base 9
6874
What is -416 (base 11) in base 12?
-359
Convert 34d0 (base 16) to base 5.
413040
What is 1fc4 (base 16) in base 4?
1333010
3412 (base 6) to base 14
412
-314130 (base 7) to base 15
-11129
What is -1d3 (base 15) in base 12?
-2b3
What is -570 (base 9) in base 12?
-330
What is -776 (base 10) in base 4?
-30020
What is 300 (base 9) in base 11?
201
-1110000010000 (base 2) to base 6
-53132
What is -11182 (base 16) in base 12?
-3462a
922 (base 14) to base 12
1056
What is -11000 (base 5) in base 12?
-526
What is -102314 (base 6) in base 16?
-2086
-2021222 (base 4) to base 14
-32d4
-645 (base 11) to base 14
-3d5
-2c2 (base 16) to base 2
-1011000010
Convert -12a6 (base 13) to base 11.
-2009
Convert 562 (base 13) to base 6.
4141
What is -7204 (base 8) in base 5?
-104331
What is 315 (base 12) in base 3?
121122
1120201 (base 3) to base 10
1153
-101132 (base 4) to base 10
-1118
323 (base 14) to base 13
388
What is 7886 (base 10) in base 6?
100302
What is 1558 (base 9) in base 10?
1187
What is -21421 (base 6) in base 9?
-4054
What is -233211 (base 4) in base 3?
-11011210
What is -9b36 (base 15) in base 14?
-bdc1
Convert -11201022 (base 3) to base 10.
-3437
1679 (base 10) to base 6
11435
What is 1001010101010010 (base 2) in base 11?
267a1
-d15 (base 14) to base 9
-3462
What is 4013 (base 5) in base 3?
200211
Convert -335 (base 11) to base 8.
-621
Convert 80b (base 15) to base 13.
a94
What is 3135 (base 10) in base 7?
12066
22110 (base 4) to base 10
660
3041 (base 5) to base 6
1500
Convert -101101110 (base 2) to base 3.
-111120
-132121 (base 4) to base 2
-11110011001
What is -344440 (base 5) in base 3?
-122010210
What is 13211 (base 4) in base 10?
485
What is 220006 (base 8) in base 2?
10010000000000110
What is -a1f (base 16) in base 7?
-10361
Convert -88ca (base 13) to base 4.
-10222112
What is -200 (base 7) in base 13?
-77
-10b3 (base 14) to base 2
-101101010101
-1100011101 (base 2) to base 14
-40d
Convert -590b (base 12) to base 3.
-111122102
Convert a80 (base 11) to base 7.
3533
What is -3665 (base 10) in base 6?
-24545
-5 (base 16) to base 9
-5
2331 (base 6) to base 9
681
-120332 (base 4) to base 7
-4442
What is 263c (base 14) in base 3?
100012211
What is 3213 (base 8) in base 10?
1675
-17057 (base 10) to base 3
-212101202
Convert 9d20 (base 14) to base 4.
12222020
Convert 1412 (base 10) to base 16.
584
Convert 2010 (base 5) to base 9.
313
52021 (base 7) to base 10
12706
Convert -32754 (base 11) to base 6.
-1003511
What is 6580 (base 13) in base 14?
5215
Convert -1011 (base 4) to base 14.
-4d
What is 4144 (base 14) in base 6?
124000
What is -10004 (base 5) in base 2?
-1001110101
Convert 446 (base 15) to base 6.
4250
What is -79c (base 14) in base 2?
-10111100110
What is 526 (base 12) in base 2?
1011101110
-b55 (base 12) to base 14
-85b
-205204 (base 6) to base 12
-9804
Convert 424221 (base 5) to base 10.
14311
What is -1e2 (base 15) in base 9?
-535
Convert -10010011101 (base 2) to base 15.
-53b
Convert 31132300 (base 4) to base 13.
1c195
Convert -1200 (base 14) to base 5.
-100021
Convert 243464 (base 8) to base 14.
22752
Convert -1207 (base 11) to base 8.
-3054
Convert -20041 (base 5) to base 11.
-a56
What is -7db (base 14) in base 6?
-11125
-12c2 (base 16) to base 8
-11302
Convert 23663 (base 7) to base 9.
8415
Convert -8a4 (base 11) to base 13.
-653
-665 (base 7) to base 16
-155
303 (base 9) to base 7
501
330 (base 9) to base 13
17a
20331 (base 4) to base 14
2cd
2a81 (base 14) to base 7
31021
Convert 163 (base 10) to base 2.
10100011
What is -8499 (base 12) in base 11?
-a9a8
-6443 (base 12) to base 6
-122523
What is -1d84 (base 16) in base 2?
-1110110000100
Convert -10020111121 (base 3) to base 11.
-43a21
-37773 (base 10) to base 7
-215061
What is 10387 (base 9) in base 12?
3b97
7c3 (base 15) to base 2
11011011110
-1433 (base 9) to base 14
-575
What is -653 (base 14) in base 9?
-1637
3ad (base 14) to base 2
1011100101
What is 1453 (base 16) in base 9?
7121
Convert -2001000 (base 3) to base 16.
-5cd
-11112110 (base 3) to base 12
-1ab6
Convert 1300100 (base 4) to base 9.
10762
Convert -26 (base 9) to base 12.
-20
-6dc6 (base 14) to base 13
-896b
-11011001110 (base 2) to base 3
-2101112
Convert 31223213 (base 4) to base 14.
165cb
-a32 (base 12) to base 10
-1478
What is 30033 (base 5) in base 6?
12433
What is 12e9 (base 15) in base 3?
12112210
Convert 13ca (base 15) to base 14.
178c
What is 1011011100101 (base 2) in base 16?
16e5
Convert 2003 (base 8) to base 2.
10000000011
Convert 1110110010111 (base 2) to base 10.
7575
What is -20 (base 8) in base 3?
-121
Convert b5a (base 12) to base 10.
1654
Convert 139 (base 16) to base 14.
185
Convert -214243 (base 5) to base 16.
-1d18
What is 243a (base 14) in base 8?
14264
What is 513 (base 11) in base 16?
26b
What is 705 (base 8) in base 15?
203
What is 2021111 (base 3) in base 12?
b64
What is 2156 (base 11) in base 7?
11202
What is a3c (base 13) in base 6?
12021
-423 (base 6) to base 10
-159
Convert a8 (base 11) to base 13.
91
2d2 (base 14) to base 2
1001000000
Convert -10265 (base 11) to base 8.
-35152
-323100 (base 5) to base 12
-6469
-1123 (base 4) to base 14
-67
Convert -18854 (base 11) to base 4.
-12123030
52416 (base 7) to base 6
135420
What is 15 (base 12) in base 16?
11
238 (base 12) to base 16
14c
Convert 1010 (base 5) to base 13.
a0
-95b1 (base 15) to base 2
-111101110110010
Convert -1011110 (base 3) to base 4.
-31101
-40c7 (base 15) to base 10
-13687
1147 (base 9) to base 11
706
22231 (base 4) to base 11
573
Convert -230413 (base 6) to base 10.
-19593
What is a05 (base 14) in base 11?
1527
230e (base 15) to base 2
1110100001111
-24619 (base 10) to base 8
-60053
What is -13271 (base 8) in base 5?
-141232
What is -547 (base 16) in base 6?
-10131
Convert -30c (base 15) to base 14.
-371
-422211 (base 5) to base 15
-4271
Convert -20222 (base 4) to base 9.
-675
-12980 (base 11) to base 8
-44060
What is -4d (base 14) in base 12?
-59
-1e (base 15) to base 6
-45
dd (base 15) to base 10
208
What is -2a0 (base 12) in base 2?
-110011000
Convert 3a3 (base 11) to base 12.
338
29a41 (base 11) to base 9
64280
1083 (base 10) to base 7
3105
What is -1b39 (base 15) in base 2?
-1011100010000
Convert 111201223 (base 4) to base 15.
1b1d1
Convert -8110 (base 16) to base 12.
-17154
Convert 414d (base 14) to base 9.
1